- 84, 0 = 3*a - 4*f - 80. Calculate the highest common factor of a and 28.
4
Let l(f) = -9*f**2 + f + 20*f**2 + 9*f - 5. Let g be l(-5). What is the highest common factor of g and 44?
44
Let s(d) = -d**3 + 17*d**2 - 15*d + 12. Let r be s(8). Calculate the highest common divisor of 36 and r.
36
Suppose 0 = -5*k - 0*p - 2*p + 1173, 5*k - p = 1176. Calculate the highest common divisor of k and 94.
47
Let r(z) = 2*z**2 + 5*z + 3. Let t(c) = 2*c**2 + 5*c + 3. Let m(i) = 4*r(i) - 3*t(i). Let d be m(-6). What is the highest common factor of 9 and d?
9
Let h(u) = -147*u - 828. Let j be h(-6). Calculate the greatest common factor of j and 12.
6
Let h = 613 + -601. Calculate the greatest common factor of 21 and h.
3
Let d = 2030 - 1319. Calculate the highest common factor of d and 9.
9
Let b be -1 + ((-2)/23 - 936/(-184)). Calculate the highest common factor of b and 34.
2
Let o be 6 - (24/(-2))/((-19)/(-38)). What is the highest common divisor of o and 1060?
10
Let q = -2738 - -5066. Calculate the highest common factor of 97 and q.
97
Let s = -102 + 105. What is the highest common factor of s and 51?
3
Suppose 0*m + m - 1170 = -2*f, -5*m = 5*f - 5845. Let y be (-2)/(m/586 + -2). Suppose 4*n - 279 = y. Calculate the highest common factor of n and 13.
13
Let q be 3*(4214/21 + -7). What is the highest common factor of q and 166?
83
Suppose -48 = 4*a - v - 129, 5*a - 102 = 2*v. Suppose 0*n = -3*n. Suppose 0 = 4*d - n*d - 2*s - 52, 0 = 5*s - a. Calculate the highest common factor of d and 3.
3
Let s be 27/36 - 29/(-4). Let r be (-17)/(-68) + 206/s. Calculate the highest common divisor of r and 26.
26
Let k(n) = n + 7. Let p be k(-4). Suppose -3*b + 6 = 3*i - 27, -58 = -4*i + p*b. Suppose -4*x - 44 = -148. Calculate the highest common factor of x and i.
13
Let z(i) = i**3 + 13*i**2 + 11*i + 4. Let m be z(-12). What is the highest common divisor of 16 and m?
16
Let q(c) = -5*c**3 - 5*c**2 - c + 4. Suppose -2*t + 4 = 12. Let p be q(t). Calculate the greatest common factor of p and 31.
31
Let u be -1 - 0 - (-15)/(-5). Let k = u - -7. What is the highest common divisor of k and 6?
3
Let a = 762 - 742. Let i be (-9)/(-6) - (-5)/2. What is the highest common divisor of i and a?
4
Let m(y) = 2*y**2 + 37*y - 26. Let k be m(-22). Calculate the highest common divisor of k and 208.
16
Let d = 277 - 192. What is the greatest common divisor of 5 and d?
5
Let h be (-1)/(-8) + ((-112275)/(-40))/9. Suppose -4*u - 4*w + 25 = -119, -2*u = w - 75. Calculate the greatest common divisor of h and u.
39
Let x be 793/4 + 3/(-12). Let p(u) = u**3 - 2*u**2. Let m be p(1). Let q be 15/(-90) + (254/12 - m). What is the greatest common factor of x and q?
22
Let q = -305 - -331. What is the highest common factor of 1547 and q?
13
Let n = 362 + -238. Calculate the highest common divisor of 558 and n.
62
Suppose -r = 10*a - 5*a - 376, -3*a = -4*r - 221. What is the highest common divisor of a and 9?
3
Let t = -2 + 26. Suppose g = 4*a + 14, -2*a = 4*g + a + 20. Let b(x) = -47*x + 2. Let l be b(g). What is the greatest common factor of t and l?
24
Let t be ((-4)/10)/((-62)/(-155)) + 9. Suppose -2*g = -0*g - 256. Calculate the greatest common factor of t and g.
8
Let o be -59 + 66 + (-2 + 45 - 0). What is the highest common divisor of o and 1175?
25
Let t be (3/(-9))/(11/803)*-24. Calculate the greatest common factor of t and 8.
8
Suppose 23*n = 206 + 139. Calculate the greatest common factor of n and 55.
5
Let w be (0 - 3)/(1/(-19)). Suppose -5*c + 3*y + 186 = 2*y, y - 4 = 0. Calculate the highest common divisor of c and w.
19
Let g be (69/9 - (3 - 2))*27. What is the greatest common factor of 252 and g?
36
Let c be 77 + (-2 - (6 + -12)). Calculate the highest common divisor of 567 and c.
81
Suppose 20*q - 18*q - 1014 = 0. What is the greatest common factor of 39 and q?
39
Suppose -3*d + 136 = -d - 5*v, -4*v = -4*d + 260. Suppose -10*c + 15 = -75. Calculate the greatest common factor of d and c.
9
Let y be (-2 + (-12)/(-16))/((-2)/96). Calculate the highest common divisor of y and 80.
20
Let k = 29 - 54. Let x = k - -30. Calculate the greatest common factor of x and 2.
1
Let p = -1015 - -1036. What is the greatest common divisor of 1491 and p?
21
Let f be (1/(20/(-224)))/(1/(-80)). What is the highest common divisor of f and 56?
56
Suppose -35 = -r + 51. Suppose 53 = 4*a - 463. Calculate the greatest common divisor of r and a.
43
Let m = 1943 - 1703. Calculate the greatest common divisor of 2 and m.
2
Let z be 1698/22 + (-12)/66. Let o = z - 39. Calculate the highest common factor of 19 and o.
19
Let f be (4/10)/((-22)/(-825)). What is the highest common divisor of 55 and f?
5
Suppose q - 460 = -2*u, -4*u + 932 = -3*q + 2*q. Suppose -3*c - 145 = -5*j - 0*c, 87 = 3*j - 4*c. What is the greatest common factor of u and j?
29
Suppose 2*l + p + 177 = 7*l, -5*l = -5*p - 165. Suppose -4*h - 2*w - 3*w + 31 = 0, 4*w = -4*h + l. Calculate the greatest common divisor of 42 and h.
14
Let f(w) = -2*w**3 - 5*w**2 - 2*w + 4*w**2 - 3*w**2. Suppose r + 7 = -10*p + 5*p, 2*p - 6 = 4*r. Let u be f(r). Calculate the greatest common factor of u and 2.
2
Suppose -7*q + 29 + 181 = 0. What is the greatest common divisor of 50 and q?
10
Let m(i) = 3*i**2 - i**2 + 2*i**3 + 8*i**2 - 8 - i**3 - 2*i. Let c be m(-10). What is the greatest common divisor of c and 30?
6
Let z be 12/7*(-63)/(-6). Let i = 14 + z. Calculate the highest common divisor of i and 32.
32
Let v(n) = 197*n - 99*n - 2 - 99*n. Suppose -3*p = -4*p - 3. Let q be v(p). Calculate the highest common factor of q and 8.
1
Suppose -4*h + 96 = -7*j + 12*j, -4*j - h = -68. Calculate the highest common factor of j and 448.
16
Suppose 0 = -3*p + 2*q + 10, 0 = -4*q - q + 20. Suppose -27 = -3*x + 3*w, 2*x = -3*w + 6 - 13. What is the highest common divisor of p and x?
2
Let f(h) = -h**3 + 7*h**2 + 11*h - 12. Let w be f(8). What is the greatest common factor of 60 and w?
12
Let q be 0 + 4 + -2 + 0. Suppose 0*l + 12 = 2*c - 2*l, q*c + l = 18. Let g be (3 - 4)*-2 - -62. What is the greatest common divisor of c and g?
8
Suppose -143 = 5*c - 428. What is the greatest common factor of c and 304?
19
Let c(t) = 27*t - 19. Let n(b) = b + 1. Let j be n(6). Let p be c(j). What is the highest common factor of 17 and p?
17
Let d be -4 - (-5 - 28/(-4)). Let v(o) = 3*o**2 - 18*o + 8. Let s be v(d). What is the greatest common divisor of s and 28?
28
Let d(s) = s**2 - 1. Let g(k) = -k**3 + 4*k**2. Let a(i) = 4*d(i) - g(i). Let w be a(4). What is the greatest common factor of 20 and w?
20
Suppose -2*b + 4 = -6. Let t(k) = -b*k - 2 + 5*k - 2*k + k**2 + 4. Let n be t(5). Calculate the greatest common factor of 68 and n.
17
Let t(k) = k**3 - 6*k**2 - 3*k - 2. Let x be t(7). What is the highest common factor of 182 and x?
26
Let i(l) = 98*l - 788. Let y be i(16). What is the highest common divisor of y and 60?
60
Let z be -12*(4/(-10))/((-24)/(-75)). Suppose z*l - 8*l - 196 = 0. Calculate the greatest common divisor of 196 and l.
28
Suppose -6*a - 34*a + 4800 = 0. What is the greatest common factor of a and 96?
24
Let c(i) be the first derivative of i**4/4 - i**3/3 - i**2/2 + 18*i + 43. Let l be c(0). Calculate the greatest common factor of 54 and l.
18
Let t(i) = -i**2 - 52*i - 298. Let n be t(-7). Calculate the greatest common divisor of n and 901.
17
Suppose 4*t - 16 = -4*t. Suppose t*d - 83 = 127. Calculate the highest common factor of d and 35.
35
Let k be (4 - 2) + -2 - -4. Suppose 4*o = 12, 2*y - k*o + 55 = 15. Let h = y - -25. What is the greatest common factor of h and 11?
11
Let i(d) = -d**3 + 7*d**2 + 4. Let t = 15 - 9. Let h be i(t). Calculate the highest common divisor of h and 5.
5
Let z(k) = -k**3 - 16*k**2 - 19*k + 24. Let f be z(-15). Calculate the greatest common factor of f and 24.
12
Suppose -3*x + 29 = -22. Let n = x - -78. Let h(f) = -f**2 + 11*f + 1. Let j be h(9). Calculate the highest common divisor of n and j.
19
Let n = 53 + -21. Suppose -55 = -n*m + 27*m. Calculate the greatest common factor of 33 and m.
11
Let c(g) = -5*g - 17. Let r be c(-6). Suppose 26*o = 25*o + r. Calculate the greatest common divisor of 52 and o.
13
Let a = 22 + -15. Let b(m) = -m**3 + 8*m**2 - 7*m + 4. Let p be b(a). Suppose z + p*d - 4 + 0 = 0, 0 = 5*d + 10. What is the highest c